 divided by 168?
159
What is the remainder when 81 is divided by 55?
26
Calculate the remainder when 1063 is divided by 26.
23
What is the remainder when 236 is divided by 120?
116
Calculate the remainder when 158 is divided by 79.
0
What is the remainder when 486 is divided by 58?
22
What is the remainder when 25 is divided by 25?
0
What is the remainder when 11075 is divided by 19?
17
Calculate the remainder when 217 is divided by 70.
7
Calculate the remainder when 6999 is divided by 100.
99
Calculate the remainder when 181 is divided by 48.
37
Calculate the remainder when 776 is divided by 49.
41
Calculate the remainder when 50 is divided by 14.
8
What is the remainder when 585 is divided by 192?
9
What is the remainder when 295 is divided by 33?
31
Calculate the remainder when 9 is divided by 1.
0
Calculate the remainder when 1542 is divided by 119.
114
What is the remainder when 97 is divided by 51?
46
What is the remainder when 1065 is divided by 117?
12
What is the remainder when 158 is divided by 86?
72
Calculate the remainder when 514 is divided by 14.
10
What is the remainder when 533 is divided by 77?
71
What is the remainder when 18 is divided by 9?
0
Calculate the remainder when 1223 is divided by 72.
71
What is the remainder when 155 is divided by 52?
51
Calculate the remainder when 1856 is divided by 463.
4
What is the remainder when 1274 is divided by 183?
176
What is the remainder when 253 is divided by 30?
13
Calculate the remainder when 212 is divided by 103.
6
What is the remainder when 431 is divided by 62?
59
What is the remainder when 772 is divided by 189?
16
Calculate the remainder when 1937 is divided by 57.
56
What is the remainder when 108 is divided by 21?
3
What is the remainder when 353 is divided by 6?
5
What is the remainder when 101 is divided by 28?
17
What is the remainder when 691 is divided by 324?
43
Calculate the remainder when 261 is divided by 34.
23
Calculate the remainder when 1913 is divided by 27.
23
Calculate the remainder when 1966 is divided by 53.
5
Calculate the remainder when 396 is divided by 122.
30
What is the remainder when 751 is divided by 28?
23
What is the remainder when 2599 is divided by 264?
223
What is the remainder when 850 is divided by 94?
4
Calculate the remainder when 551 is divided by 12.
11
What is the remainder when 505 is divided by 12?
1
What is the remainder when 762 is divided by 263?
236
What is the remainder when 2828 is divided by 16?
12
Calculate the remainder when 548 is divided by 2.
0
What is the remainder when 8464 is divided by 2813?
25
What is the remainder when 68 is divided by 10?
8
What is the remainder when 130 is divided by 67?
63
What is the remainder when 38 is divided by 22?
16
Calculate the remainder when 171 is divided by 17.
1
Calculate the remainder when 392 is divided by 80.
72
What is the remainder when 318 is divided by 66?
54
What is the remainder when 174 is divided by 59?
56
Calculate the remainder when 7188 is divided by 91.
90
Calculate the remainder when 60 is divided by 18.
6
Calculate the remainder when 47 is divided by 18.
11
What is the remainder when 312 is divided by 176?
136
What is the remainder when 1439 is divided by 349?
43
What is the remainder when 216 is divided by 32?
24
What is the remainder when 10912 is divided by 21?
13
Calculate the remainder when 1079 is divided by 57.
53
What is the remainder when 360 is divided by 62?
50
Calculate the remainder when 2170 is divided by 4.
2
What is the remainder when 111 is divided by 40?
31
What is the remainder when 523 is divided by 35?
33
Calculate the remainder when 323 is divided by 27.
26
What is the remainder when 786 is divided by 202?
180
Calculate the remainder when 388 is divided by 28.
24
What is the remainder when 2197 is divided by 34?
21
Calculate the remainder when 97 is divided by 65.
32
Calculate the remainder when 3103 is divided by 13.
9
Calculate the remainder when 117 is divided by 24.
21
Calculate the remainder when 182 is divided by 46.
44
Calculate the remainder when 1364 is divided by 35.
34
Calculate the remainder when 108 is divided by 11.
9
What is the remainder when 52918 is divided by 72?
70
Calculate the remainder when 553 is divided by 111.
109
Calculate the remainder when 1289 is divided by 34.
31
What is the remainder when 934 is divided by 235?
229
What is the remainder when 105 is divided by 27?
24
Calculate the remainder when 765 is divided by 59.
57
Calculate the remainder when 229 is divided by 119.
110
What is the remainder when 128 is divided by 24?
8
Calculate the remainder when 279 is divided by 47.
44
What is the remainder when 1463 is divided by 182?
7
Calculate the remainder when 474 is divided by 60.
54
Calculate the remainder when 223 is divided by 75.
73
Calculate the remainder when 95 is divided by 51.
44
What is the remainder when 58 is divided by 31?
27
Calculate the remainder when 267 is divided by 53.
2
What is the remainder when 308 is divided by 30?
8
What is the remainder when 624 is divided by 316?
308
What is the remainder when 87 is divided by 11?
10
Calculate the remainder when 1716 is divided by 86.
82
Calculate the remainder when 1429 is divided by 143.
142
Calculate the remainder when 1459 is divided by 364.
3
What is the remainder when 1264 is divided by 323?
295
Calculate the remainder when 21030 is divided by 9.
6
Calculate the remainder when 104 is divided by 56.
48
What is the remainder when 968 is divided by 108?
104
Calculate the remainder when 84 is divided by 25.
9
Calculate the remainder when 687 is divided by 342.
3
What is the remainder when 51 is divided by 18?
15
Calculate the remainder when 33209 is divided by 123.
122
Calculate the remainder when 355 is divided by 68.
15
Calculate the remainder when 504 is divided by 126.
0
What is the remainder when 298 is divided by 13?
12
Calculate the remainder when 39 is divided by 4.
3
Calculate the remainder when 1370 is divided by 679.
12
Calculate the remainder when 256 is divided by 251.
5
What is the remainder when 427 is divided by 5?
2
Calculate the remainder when 120 is divided by 22.
10
Calculate the remainder when 430 is divided by 41.
20
Calculate the remainder when 20 is divided by 12.
8
Calculate the remainder when 43 is divided by 15.
13
What is the remainder when 8316 is divided by 38?
32
What is the remainder when 212 is divided by 56?
44
What is the remainder when 980 is divided by 65?
5
Calculate the remainder when 1247 is divided by 32.
31
What is the remainder when 1931 is divided by 92?
91
Calculate the remainder when 9 is divided by 9.
0
Calculate the remainder when 956 is divided by 29.
28
What is the remainder when 72 is divided by 28?
16
Calculate the remainder when 293 is divided by 43.
35
What is the remainder when 2199 is divided by 55?
54
Calculate the remainder when 1719 is divided by 14.
11
What is the remainder when 765 is divided by 128?
125
What is the remainder when 1364 is divided by 75?
14
Calculate the remainder when 223 is divided by 16.
15
Calculate the remainder when 326 is divided by 186.
140
Calculate the remainder when 115 is divided by 74.
41
What is the remainder when 48 is divided by 25?
23
What is the remainder when 122 is divided by 8?
2
What is the remainder when 7220 is divided by 3608?
4
Calculate the remainder when 642 is divided by 7.
5
What is the remainder when 79 is divided by 59?
20
What is the remainder when 1084 is divided by 136?
132
What is the remainder when 816 is divided by 6?
0
What is the remainder when 3497 is divided by 70?
67
Calculate the remainder when 706 is divided by 89.
83
What is the remainder when 998 is divided by 4?
2
Calculate the remainder when 1743 is divided by 97.
94
Calculate the remainder when 382 is divided by 80.
62
What is the remainder when 135 is divided by 8?
7
What is the remainder when 6344 is divided by 235?
234
Calculate the remainder when 155 is divided by 46.
17
What is the remainder when 82 is divided by 24?
10
Calculate the remainder when 95 is divided by 5.
0
Calculate the remainder when 374 is divided by 26.
10
What is the remainder when 543 is divided by 3?
0
Calculate the remainder when 3058 is divided by 153.
151
What is the remainder when 455 is divided 